[INFO] cloning repository https://github.com/andrewcsmith/infinite_ramble
[INFO] running `Command { std: "git" "-c" "credential.helper=" "-c" "credential.helper=/workspace/cargo-home/bin/git-credential-null" "clone" "--bare" "https://github.com/andrewcsmith/infinite_ramble" "/workspace/cache/git-repos/https%3A%2F%2Fgithub.com%2Fandrewcsmith%2Finfinite_ramble", kill_on_drop: false }`
[INFO] [stderr] Cloning into bare repository '/workspace/cache/git-repos/https%3A%2F%2Fgithub.com%2Fandrewcsmith%2Finfinite_ramble'...
[INFO] running `Command { std: "git" "rev-parse" "HEAD", kill_on_drop: false }`
[INFO] [stdout] 12293d9c8eb8ff262b184f37778b14d566b4e161
[INFO] checking andrewcsmith/infinite_ramble against try#72f88fc4e9458f89516a0b8b0868f3718aec5b47 for pr-74989
[INFO] running `Command { std: "git" "clone" "/workspace/cache/git-repos/https%3A%2F%2Fgithub.com%2Fandrewcsmith%2Finfinite_ramble" "/workspace/builds/worker-7/source", kill_on_drop: false }`
[INFO] [stderr] Cloning into '/workspace/builds/worker-7/source'...
[INFO] [stderr] done.
[INFO] validating manifest of git repo https://github.com/andrewcsmith/infinite_ramble on toolchain 72f88fc4e9458f89516a0b8b0868f3718aec5b47
[INFO] running `Command { std: "/workspace/cargo-home/bin/cargo" "+72f88fc4e9458f89516a0b8b0868f3718aec5b47" "read-manifest" "--manifest-path" "Cargo.toml", kill_on_drop: false }`
[INFO] started tweaking git repo https://github.com/andrewcsmith/infinite_ramble
[INFO] removed path dependency vox_box from git repo https://github.com/andrewcsmith/infinite_ramble
[INFO] finished tweaking git repo https://github.com/andrewcsmith/infinite_ramble
[INFO] tweaked toml for git repo https://github.com/andrewcsmith/infinite_ramble written to /workspace/builds/worker-7/source/Cargo.toml
[INFO] crate git repo https://github.com/andrewcsmith/infinite_ramble already has a lockfile, it will not be regenerated
[INFO] running `Command { std: "/workspace/cargo-home/bin/cargo" "+72f88fc4e9458f89516a0b8b0868f3718aec5b47" "fetch" "--locked" "--manifest-path" "Cargo.toml", kill_on_drop: false }`
[INFO] [stderr] warning: dependency (vox_box) specified without providing a local path, Git repository, or version to use. This will be considered an error in future versions
[INFO] [stderr]     Updating crates.io index
[INFO] [stderr] error: the lock file /workspace/builds/worker-7/source/Cargo.lock needs to be updated but --locked was passed to prevent this
[INFO] [stderr] If you want to try to generate the lock file without accessing the network, use the --offline flag.
[INFO] the lockfile is outdated, regenerating it
[INFO] running `Command { std: "/workspace/cargo-home/bin/cargo" "+72f88fc4e9458f89516a0b8b0868f3718aec5b47" "generate-lockfile" "--manifest-path" "Cargo.toml" "-Zno-index-update", kill_on_drop: false }`
[INFO] running `Command { std: "/workspace/cargo-home/bin/cargo" "+72f88fc4e9458f89516a0b8b0868f3718aec5b47" "fetch" "--locked" "--manifest-path" "Cargo.toml", kill_on_drop: false }`
[INFO] [stderr] warning: dependency (vox_box) specified without providing a local path, Git repository, or version to use. This will be considered an error in future versions
[INFO] [stderr]  Downloading crates ...
[INFO] [stderr]   Downloaded ndarray v0.11.2
[INFO] [stderr]   Downloaded ndarray-parallel v0.8.0
[INFO] [stderr]   Downloaded random_choice v0.3.2
[INFO] [stderr]   Downloaded vox_box v0.3.0
[INFO] [stderr]   Downloaded rustfft v1.0.1
[INFO] [stderr]   Downloaded serde-pickle v0.4.1
[INFO] running `Command { std: "docker" "create" "-v" "/var/lib/crater-agent-workspace/builds/worker-7/target:/opt/rustwide/target:rw,Z" "-v" "/var/lib/crater-agent-workspace/builds/worker-7/source:/opt/rustwide/workdir:ro,Z" "-v" "/var/lib/crater-agent-workspace/cargo-home:/opt/rustwide/cargo-home:ro,Z" "-v" "/var/lib/crater-agent-workspace/rustup-home:/opt/rustwide/rustup-home:ro,Z" "-e" "SOURCE_DIR=/opt/rustwide/workdir" "-e" "CARGO_TARGET_DIR=/opt/rustwide/target" "-e" "CARGO_HOME=/opt/rustwide/cargo-home" "-e" "RUSTUP_HOME=/opt/rustwide/rustup-home" "-w" "/opt/rustwide/workdir" "-m" "1610612736" "--user" "0:0" "--network" "none" "rustops/crates-build-env@sha256:d92eaeed33fa75130ca1ee6c8a01d1ffb62bac859dfdfb3450e3e5d1c0146529" "/opt/rustwide/cargo-home/bin/cargo" "+72f88fc4e9458f89516a0b8b0868f3718aec5b47" "metadata" "--no-deps" "--format-version=1", kill_on_drop: false }`
[INFO] [stderr] WARNING: Your kernel does not support swap limit capabilities or the cgroup is not mounted. Memory limited without swap.
[INFO] [stdout] 69f2ef192cd832ba836a23dad7053bf91309fd6f0cc9a8632677e5cd36d34097
[INFO] running `Command { std: "docker" "start" "-a" "69f2ef192cd832ba836a23dad7053bf91309fd6f0cc9a8632677e5cd36d34097", kill_on_drop: false }`
[INFO] running `Command { std: "docker" "inspect" "69f2ef192cd832ba836a23dad7053bf91309fd6f0cc9a8632677e5cd36d34097", kill_on_drop: false }`
[INFO] running `Command { std: "docker" "rm" "-f" "69f2ef192cd832ba836a23dad7053bf91309fd6f0cc9a8632677e5cd36d34097", kill_on_drop: false }`
[INFO] [stdout] 69f2ef192cd832ba836a23dad7053bf91309fd6f0cc9a8632677e5cd36d34097
[INFO] running `Command { std: "docker" "create" "-v" "/var/lib/crater-agent-workspace/builds/worker-7/target:/opt/rustwide/target:rw,Z" "-v" "/var/lib/crater-agent-workspace/builds/worker-7/source:/opt/rustwide/workdir:ro,Z" "-v" "/var/lib/crater-agent-workspace/cargo-home:/opt/rustwide/cargo-home:ro,Z" "-v" "/var/lib/crater-agent-workspace/rustup-home:/opt/rustwide/rustup-home:ro,Z" "-e" "SOURCE_DIR=/opt/rustwide/workdir" "-e" "CARGO_TARGET_DIR=/opt/rustwide/target" "-e" "CARGO_INCREMENTAL=0" "-e" "RUST_BACKTRACE=full" "-e" "RUSTFLAGS=--cap-lints=forbid" "-e" "CARGO_HOME=/opt/rustwide/cargo-home" "-e" "RUSTUP_HOME=/opt/rustwide/rustup-home" "-w" "/opt/rustwide/workdir" "-m" "1610612736" "--user" "0:0" "--network" "none" "rustops/crates-build-env@sha256:d92eaeed33fa75130ca1ee6c8a01d1ffb62bac859dfdfb3450e3e5d1c0146529" "/opt/rustwide/cargo-home/bin/cargo" "+72f88fc4e9458f89516a0b8b0868f3718aec5b47" "check" "--frozen" "--all" "--all-targets" "--message-format=json", kill_on_drop: false }`
[INFO] [stderr] WARNING: Your kernel does not support swap limit capabilities or the cgroup is not mounted. Memory limited without swap.
[INFO] [stdout] fc0451c0c2d488864443667da91920b325fc4ba7a9418a3af50dbea11c983279
[INFO] running `Command { std: "docker" "start" "-a" "fc0451c0c2d488864443667da91920b325fc4ba7a9418a3af50dbea11c983279", kill_on_drop: false }`
[INFO] [stderr] warning: dependency (vox_box) specified without providing a local path, Git repository, or version to use. This will be considered an error in future versions
[INFO] [stderr]     Checking rustc-serialize v0.3.24
[INFO] [stderr]     Checking lazy_static v1.4.0
[INFO] [stderr]     Checking cfg-if v0.1.10
[INFO] [stderr]    Compiling rayon-core v1.8.0
[INFO] [stderr]     Checking scopeguard v1.1.0
[INFO] [stderr]    Compiling matrixmultiply v0.1.15
[INFO] [stderr]     Checking either v1.6.0
[INFO] [stderr]    Compiling byteorder v1.3.4
[INFO] [stderr]    Compiling ndarray v0.11.2
[INFO] [stderr]     Checking rawpointer v0.1.0
[INFO] [stderr]     Checking sample v0.9.1
[INFO] [stderr]     Checking iter-read v0.1.0
[INFO] [stderr]    Compiling num-traits v0.2.12
[INFO] [stderr]    Compiling num-integer v0.1.43
[INFO] [stderr]    Compiling crossbeam-utils v0.7.2
[INFO] [stderr]    Compiling memoffset v0.5.5
[INFO] [stderr]    Compiling crossbeam-epoch v0.8.2
[INFO] [stderr]    Compiling num-iter v0.1.41
[INFO] [stderr]    Compiling num-bigint v0.3.0
[INFO] [stderr]    Compiling num-rational v0.3.0
[INFO] [stderr]    Compiling rayon v1.4.0
[INFO] [stderr]     Checking itertools v0.7.11
[INFO] [stderr]     Checking num_cpus v1.13.0
[INFO] [stderr]     Checking random_choice v0.3.2
[INFO] [stderr]     Checking crossbeam-channel v0.4.4
[INFO] [stderr]     Checking crossbeam-deque v0.7.3
[INFO] [stderr]     Checking num-complex v0.3.0
[INFO] [stderr]     Checking num-traits v0.1.43
[INFO] [stderr]     Checking num-complex v0.1.43
[INFO] [stderr]     Checking num-bigint v0.1.44
[INFO] [stderr]     Checking num-rational v0.1.42
[INFO] [stderr]     Checking serde-pickle v0.4.1
[INFO] [stderr]     Checking num v0.1.42
[INFO] [stderr]     Checking num v0.3.0
[INFO] [stderr]     Checking rustfft v1.0.1
[INFO] [stdout] error[E0277]: the trait bound `&{float}: Float` is not satisfied
[INFO] [stdout]   --> /opt/rustwide/cargo-home/registry/src/github.com-1ecc6299db9ec823/rustfft-1.0.1/src/lib.rs:38:36
[INFO] [stdout]    |
[INFO] [stdout] 38 |                       .map(|phase| Complex::from_polar(&1.0, &phase))
[INFO] [stdout]    |                                    ^^^^^^^^^^^^^^^^^^^ the trait `Float` is not implemented for `&{float}`
[INFO] [stdout]    |
[INFO] [stdout]    = help: the following implementations were found:
[INFO] [stdout]              <f32 as Float>
[INFO] [stdout]              <f64 as Float>
[INFO] [stdout]    = note: required by `Complex::<T>::from_polar`
[INFO] [stdout] 
[INFO] [stdout] 
[INFO] [stdout] error[E0308]: mismatched types
[INFO] [stdout]   --> /opt/rustwide/cargo-home/registry/src/github.com-1ecc6299db9ec823/rustfft-1.0.1/src/lib.rs:39:69
[INFO] [stdout]    |
[INFO] [stdout] 39 |                       .map(|c| Complex {re: FromPrimitive::from_f32(c.re).unwrap(),
[INFO] [stdout]    |                                                                     ^^^^
[INFO] [stdout]    |                                                                     |
[INFO] [stdout]    |                                                                     expected `f32`, found `&f32`
[INFO] [stdout]    |                                                                     help: consider dereferencing the borrow: `*c.re`
[INFO] [stdout] 
[INFO] [stdout] 
[INFO] [stdout] error[E0308]: mismatched types
[INFO] [stdout]   --> /opt/rustwide/cargo-home/registry/src/github.com-1ecc6299db9ec823/rustfft-1.0.1/src/lib.rs:40:69
[INFO] [stdout]    |
[INFO] [stdout] 40 | ...                   im: FromPrimitive::from_f32(c.im).unwrap()})
[INFO] [stdout]    |                                                   ^^^^
[INFO] [stdout]    |                                                   |
[INFO] [stdout]    |                                                   expected `f32`, found `&f32`
[INFO] [stdout]    |                                                   help: consider dereferencing the borrow: `*c.im`
[INFO] [stdout] 
[INFO] [stdout] 
[INFO] [stdout] error[E0277]: the trait bound `&_: Float` is not satisfied
[INFO] [stdout]    --> /opt/rustwide/cargo-home/registry/src/github.com-1ecc6299db9ec823/rustfft-1.0.1/src/lib.rs:137:27
[INFO] [stdout]     |
[INFO] [stdout] 137 |             let twiddle = Complex::from_polar(&One::one(), &angle);
[INFO] [stdout]     |                           ^^^^^^^^^^^^^^^^^^^ the trait `Float` is not implemented for `&_`
[INFO] [stdout]     |
[INFO] [stdout]     = help: the following implementations were found:
[INFO] [stdout]               <f32 as Float>
[INFO] [stdout]               <f64 as Float>
[INFO] [stdout]     = note: required by `Complex::<T>::from_polar`
[INFO] [stdout] 
[INFO] [stdout] 
[INFO] [stdout] error[E0369]: cannot multiply `Complex<T>` to `Complex<&T>`
[INFO] [stdout]    --> /opt/rustwide/cargo-home/registry/src/github.com-1ecc6299db9ec823/rustfft-1.0.1/src/lib.rs:138:33
[INFO] [stdout]     |
[INFO] [stdout] 138 |             sum = sum + twiddle * x;
[INFO] [stdout]     |                         ------- ^ - Complex<T>
[INFO] [stdout]     |                         |
[INFO] [stdout]     |                         Complex<&T>
[INFO] [stdout]     |
[INFO] [stdout]     = note: the trait `std::ops::Mul` is not implemented for `Complex<&T>`
[INFO] [stdout] 
[INFO] [stdout] 
[INFO] [stdout] error: aborting due to 5 previous errors
[INFO] [stdout] 
[INFO] [stdout] 
[INFO] [stdout] Some errors have detailed explanations: E0277, E0308, E0369.
[INFO] [stdout] 
[INFO] [stdout] For more information about an error, try `rustc --explain E0277`.
[INFO] [stdout] 
[INFO] [stderr] error: could not compile `rustfft`.
[INFO] [stderr] 
[INFO] [stderr] To learn more, run the command again with --verbose.
[INFO] [stderr] warning: build failed, waiting for other jobs to finish...
[INFO] [stderr] error: build failed
[INFO] running `Command { std: "docker" "inspect" "fc0451c0c2d488864443667da91920b325fc4ba7a9418a3af50dbea11c983279", kill_on_drop: false }`
[INFO] running `Command { std: "docker" "rm" "-f" "fc0451c0c2d488864443667da91920b325fc4ba7a9418a3af50dbea11c983279", kill_on_drop: false }`
[INFO] [stdout] fc0451c0c2d488864443667da91920b325fc4ba7a9418a3af50dbea11c983279
